{"id":1417,"date":"2023-04-15T16:01:05","date_gmt":"2023-04-15T14:01:05","guid":{"rendered":"http:\/\/www.ff-mariaschmolln.at\/web\/?page_id=1417"},"modified":"2026-02-23T12:07:57","modified_gmt":"2026-02-23T11:07:57","slug":"news-2021","status":"publish","type":"page","link":"https:\/\/www.ff-mariaschmolln.at\/web\/news\/news-2021\/","title":{"rendered":"News 2021"},"content":{"rendered":"<ul class=\"wp-block-latest-posts__list is-grid columns-3 has-dates wp-block-latest-posts\"><li><div class=\"wp-block-latest-posts__featured-image\"><img loading=\"lazy\" decoding=\"async\" width=\"200\" height=\"150\" src=\"https:\/\/www.ff-mariaschmolln.at\/web\/wp-content\/uploads\/2022\/02\/IMG-20211224-WA0000-300x225.jpg\" class=\"attachment-medium size-medium wp-post-image\" alt=\"\" style=\"\" srcset=\"https:\/\/www.ff-mariaschmolln.at\/web\/wp-content\/uploads\/2022\/02\/IMG-20211224-WA0000-300x225.jpg 300w, https:\/\/www.ff-mariaschmolln.at\/web\/wp-content\/uploads\/2022\/02\/IMG-20211224-WA0000-768x576.jpg 768w, https:\/\/www.ff-mariaschmolln.at\/web\/wp-content\/uploads\/2022\/02\/IMG-20211224-WA0000.jpg 1024w\" sizes=\"auto, (max-width: 200px) 100vw, 200px\" \/><\/div><a class=\"wp-block-latest-posts__post-title\" href=\"https:\/\/www.ff-mariaschmolln.at\/web\/friedenslicht-2021\/\">Friedenslicht 2021<\/a><time datetime=\"2021-12-25T20:55:00+01:00\" class=\"wp-block-latest-posts__post-date\">25. Dezember 2021<\/time><div class=\"wp-block-latest-posts__post-excerpt\">Auch im Jahr 2021 war es uns nicht m\u00f6glich das Friedenslicht&#8230;<\/div><\/li>\n<li><div class=\"wp-block-latest-posts__featured-image\"><img loading=\"lazy\" decoding=\"async\" width=\"189\" height=\"200\" src=\"https:\/\/www.ff-mariaschmolln.at\/web\/wp-content\/uploads\/2022\/02\/IMG-20211211-WA0000-283x300.jpg\" class=\"attachment-medium size-medium wp-post-image\" alt=\"\" style=\"\" srcset=\"https:\/\/www.ff-mariaschmolln.at\/web\/wp-content\/uploads\/2022\/02\/IMG-20211211-WA0000-283x300.jpg 283w, https:\/\/www.ff-mariaschmolln.at\/web\/wp-content\/uploads\/2022\/02\/IMG-20211211-WA0000-967x1024.jpg 967w, https:\/\/www.ff-mariaschmolln.at\/web\/wp-content\/uploads\/2022\/02\/IMG-20211211-WA0000-768x814.jpg 768w, https:\/\/www.ff-mariaschmolln.at\/web\/wp-content\/uploads\/2022\/02\/IMG-20211211-WA0000-1450x1536.jpg 1450w, https:\/\/www.ff-mariaschmolln.at\/web\/wp-content\/uploads\/2022\/02\/IMG-20211211-WA0000.jpg 1933w\" sizes=\"auto, (max-width: 189px) 100vw, 189px\" \/><\/div><a class=\"wp-block-latest-posts__post-title\" href=\"https:\/\/www.ff-mariaschmolln.at\/web\/adventfenster-der-ff\/\">Adventfenster der FF<\/a><time datetime=\"2021-12-01T20:59:00+01:00\" class=\"wp-block-latest-posts__post-date\">1. Dezember 2021<\/time><div class=\"wp-block-latest-posts__post-excerpt\">Auch im Jahr 2021 beteiligten wir uns wieder bei den&#8230;<\/div><\/li>\n<li><div class=\"wp-block-latest-posts__featured-image\"><img loading=\"lazy\" decoding=\"async\" width=\"150\" height=\"200\" src=\"https:\/\/www.ff-mariaschmolln.at\/web\/wp-content\/uploads\/2022\/02\/IMG-20211106-WA0003-225x300.jpg\" class=\"attachment-medium size-medium wp-post-image\" alt=\"\" style=\"\" srcset=\"https:\/\/www.ff-mariaschmolln.at\/web\/wp-content\/uploads\/2022\/02\/IMG-20211106-WA0003-225x300.jpg 225w, https:\/\/www.ff-mariaschmolln.at\/web\/wp-content\/uploads\/2022\/02\/IMG-20211106-WA0003-768x1024.jpg 768w, https:\/\/www.ff-mariaschmolln.at\/web\/wp-content\/uploads\/2022\/02\/IMG-20211106-WA0003-1152x1536.jpg 1152w, https:\/\/www.ff-mariaschmolln.at\/web\/wp-content\/uploads\/2022\/02\/IMG-20211106-WA0003.jpg 1200w\" sizes=\"auto, (max-width: 150px) 100vw, 150px\" \/><\/div><a class=\"wp-block-latest-posts__post-title\" href=\"https:\/\/www.ff-mariaschmolln.at\/web\/funklehrgang-2\/\">Funklehrgang<\/a><time datetime=\"2021-11-30T21:01:00+01:00\" class=\"wp-block-latest-posts__post-date\">30. November 2021<\/time><div class=\"wp-block-latest-posts__post-excerpt\">Zwei unserer Kameraden schlossen im November 2021 den&#8230;<\/div><\/li>\n<li><div class=\"wp-block-latest-posts__featured-image\"><img loading=\"lazy\" decoding=\"async\" width=\"150\" height=\"200\" src=\"https:\/\/www.ff-mariaschmolln.at\/web\/wp-content\/uploads\/2021\/10\/WhatsApp-Image-2021-10-30-at-15.26.16-225x300.jpeg\" class=\"attachment-medium size-medium wp-post-image\" alt=\"\" style=\"\" srcset=\"https:\/\/www.ff-mariaschmolln.at\/web\/wp-content\/uploads\/2021\/10\/WhatsApp-Image-2021-10-30-at-15.26.16-225x300.jpeg 225w, https:\/\/www.ff-mariaschmolln.at\/web\/wp-content\/uploads\/2021\/10\/WhatsApp-Image-2021-10-30-at-15.26.16-768x1024.jpeg 768w, https:\/\/www.ff-mariaschmolln.at\/web\/wp-content\/uploads\/2021\/10\/WhatsApp-Image-2021-10-30-at-15.26.16-1152x1536.jpeg 1152w, https:\/\/www.ff-mariaschmolln.at\/web\/wp-content\/uploads\/2021\/10\/WhatsApp-Image-2021-10-30-at-15.26.16.jpeg 1200w\" sizes=\"auto, (max-width: 150px) 100vw, 150px\" \/><\/div><a class=\"wp-block-latest-posts__post-title\" href=\"https:\/\/www.ff-mariaschmolln.at\/web\/atemschutzleistungsabzeichen-gold\/\">Atemschutzleistungsabzeichen Gold<\/a><time datetime=\"2021-10-30T21:02:00+02:00\" class=\"wp-block-latest-posts__post-date\">30. Oktober 2021<\/time><div class=\"wp-block-latest-posts__post-excerpt\">Am 30. Oktober 2021 haben drei unserer Kameraden das goldene&#8230;<\/div><\/li>\n<li><div class=\"wp-block-latest-posts__featured-image\"><img loading=\"lazy\" decoding=\"async\" width=\"200\" height=\"150\" src=\"https:\/\/www.ff-mariaschmolln.at\/web\/wp-content\/uploads\/2022\/02\/IMG-20220204-WA0007-300x225.jpg\" class=\"attachment-medium size-medium wp-post-image\" alt=\"\" style=\"\" srcset=\"https:\/\/www.ff-mariaschmolln.at\/web\/wp-content\/uploads\/2022\/02\/IMG-20220204-WA0007-300x225.jpg 300w, https:\/\/www.ff-mariaschmolln.at\/web\/wp-content\/uploads\/2022\/02\/IMG-20220204-WA0007-1024x768.jpg 1024w, https:\/\/www.ff-mariaschmolln.at\/web\/wp-content\/uploads\/2022\/02\/IMG-20220204-WA0007-768x576.jpg 768w, https:\/\/www.ff-mariaschmolln.at\/web\/wp-content\/uploads\/2022\/02\/IMG-20220204-WA0007-1536x1152.jpg 1536w, https:\/\/www.ff-mariaschmolln.at\/web\/wp-content\/uploads\/2022\/02\/IMG-20220204-WA0007.jpg 1600w\" sizes=\"auto, (max-width: 200px) 100vw, 200px\" \/><\/div><a class=\"wp-block-latest-posts__post-title\" href=\"https:\/\/www.ff-mariaschmolln.at\/web\/kuerbisschnitzen-oktober-2021\/\">K\u00fcrbisschnitzen Oktober 2021<\/a><time datetime=\"2021-10-30T12:43:00+02:00\" class=\"wp-block-latest-posts__post-date\">30. Oktober 2021<\/time><div class=\"wp-block-latest-posts__post-excerpt\">Im Oktober 2021 wurden ganz nach Halloween-Manier mit den&#8230;<\/div><\/li>\n<li><div class=\"wp-block-latest-posts__featured-image\"><img loading=\"lazy\" decoding=\"async\" width=\"197\" height=\"200\" src=\"https:\/\/www.ff-mariaschmolln.at\/web\/wp-content\/uploads\/2021\/10\/WhatsApp-Image-2021-10-29-at-19.04.18-e1635601084974-295x300.jpeg\" class=\"attachment-medium size-medium wp-post-image\" alt=\"\" style=\"\" srcset=\"https:\/\/www.ff-mariaschmolln.at\/web\/wp-content\/uploads\/2021\/10\/WhatsApp-Image-2021-10-29-at-19.04.18-e1635601084974-295x300.jpeg 295w, https:\/\/www.ff-mariaschmolln.at\/web\/wp-content\/uploads\/2021\/10\/WhatsApp-Image-2021-10-29-at-19.04.18-e1635601084974-1007x1024.jpeg 1007w, https:\/\/www.ff-mariaschmolln.at\/web\/wp-content\/uploads\/2021\/10\/WhatsApp-Image-2021-10-29-at-19.04.18-e1635601084974-768x781.jpeg 768w, https:\/\/www.ff-mariaschmolln.at\/web\/wp-content\/uploads\/2021\/10\/WhatsApp-Image-2021-10-29-at-19.04.18-e1635601084974.jpeg 1160w\" sizes=\"auto, (max-width: 197px) 100vw, 197px\" \/><\/div><a class=\"wp-block-latest-posts__post-title\" href=\"https:\/\/www.ff-mariaschmolln.at\/web\/ueberpruefung-loeschteiche\/\">\u00dcberpr\u00fcfung L\u00f6schteiche<\/a><time datetime=\"2021-10-29T21:03:00+02:00\" class=\"wp-block-latest-posts__post-date\">29. Oktober 2021<\/time><div class=\"wp-block-latest-posts__post-excerpt\">Zu den Arbeiten im Feuerwehrwesen geh\u00f6rt auch immer&#8230;<\/div><\/li>\n<li><div class=\"wp-block-latest-posts__featured-image\"><img loading=\"lazy\" decoding=\"async\" width=\"200\" height=\"150\" src=\"https:\/\/www.ff-mariaschmolln.at\/web\/wp-content\/uploads\/2021\/10\/WhatsApp-Image-2021-10-10-at-08.40.29-300x225.jpeg\" class=\"attachment-medium size-medium wp-post-image\" alt=\"\" style=\"\" srcset=\"https:\/\/www.ff-mariaschmolln.at\/web\/wp-content\/uploads\/2021\/10\/WhatsApp-Image-2021-10-10-at-08.40.29-300x225.jpeg 300w, https:\/\/www.ff-mariaschmolln.at\/web\/wp-content\/uploads\/2021\/10\/WhatsApp-Image-2021-10-10-at-08.40.29-1024x768.jpeg 1024w, https:\/\/www.ff-mariaschmolln.at\/web\/wp-content\/uploads\/2021\/10\/WhatsApp-Image-2021-10-10-at-08.40.29-768x576.jpeg 768w, https:\/\/www.ff-mariaschmolln.at\/web\/wp-content\/uploads\/2021\/10\/WhatsApp-Image-2021-10-10-at-08.40.29-1536x1152.jpeg 1536w, https:\/\/www.ff-mariaschmolln.at\/web\/wp-content\/uploads\/2021\/10\/WhatsApp-Image-2021-10-10-at-08.40.29.jpeg 1600w\" sizes=\"auto, (max-width: 200px) 100vw, 200px\" \/><\/div><a class=\"wp-block-latest-posts__post-title\" href=\"https:\/\/www.ff-mariaschmolln.at\/web\/grundlehrgang\/\">Grundlehrgang<\/a><time datetime=\"2021-10-10T21:04:00+02:00\" class=\"wp-block-latest-posts__post-date\">10. Oktober 2021<\/time><div class=\"wp-block-latest-posts__post-excerpt\">Am 8. und 9. Oktober fand in Riedersbach wieder der Grundlehrgang&#8230;<\/div><\/li>\n<li><div class=\"wp-block-latest-posts__featured-image\"><img loading=\"lazy\" decoding=\"async\" width=\"200\" height=\"133\" src=\"https:\/\/www.ff-mariaschmolln.at\/web\/wp-content\/uploads\/2021\/09\/IMG_7885-300x200.jpg\" class=\"attachment-medium size-medium wp-post-image\" alt=\"\" style=\"\" srcset=\"https:\/\/www.ff-mariaschmolln.at\/web\/wp-content\/uploads\/2021\/09\/IMG_7885-300x200.jpg 300w, https:\/\/www.ff-mariaschmolln.at\/web\/wp-content\/uploads\/2021\/09\/IMG_7885-1024x683.jpg 1024w, https:\/\/www.ff-mariaschmolln.at\/web\/wp-content\/uploads\/2021\/09\/IMG_7885-768x512.jpg 768w, https:\/\/www.ff-mariaschmolln.at\/web\/wp-content\/uploads\/2021\/09\/IMG_7885-1536x1024.jpg 1536w, https:\/\/www.ff-mariaschmolln.at\/web\/wp-content\/uploads\/2021\/09\/IMG_7885-2048x1365.jpg 2048w\" sizes=\"auto, (max-width: 200px) 100vw, 200px\" \/><\/div><a class=\"wp-block-latest-posts__post-title\" href=\"https:\/\/www.ff-mariaschmolln.at\/web\/tag-der-feuerwehrjugend-und-minifeuerwehr\/\">Tag der Feuerwehrjugend und Minifeuerwehr<\/a><time datetime=\"2021-09-05T12:40:00+02:00\" class=\"wp-block-latest-posts__post-date\">5. September 2021<\/time><div class=\"wp-block-latest-posts__post-excerpt\">Am Samstag, den 4. September veranstalteten wir einen&#8230;<\/div><\/li>\n<li><a class=\"wp-block-latest-posts__post-title\" href=\"https:\/\/www.ff-mariaschmolln.at\/web\/waldfestabschluss\/\">Waldfestabschluss<\/a><time datetime=\"2021-08-15T21:05:00+02:00\" class=\"wp-block-latest-posts__post-date\">15. August 2021<\/time><div class=\"wp-block-latest-posts__post-excerpt\">Am 14. August 2021 feierten wir unseren j\u00e4hrlichen&#8230;<\/div><\/li>\n<li><a class=\"wp-block-latest-posts__post-title\" href=\"https:\/\/www.ff-mariaschmolln.at\/web\/waldfest-fotos-2021\/\">Waldfest Fotos 2021<\/a><time datetime=\"2021-07-19T19:13:00+02:00\" class=\"wp-block-latest-posts__post-date\">19. Juli 2021<\/time><div class=\"wp-block-latest-posts__post-excerpt\">Hier geht&#8217;s zu den Fotos vom Waldfest 2021&#8230;<\/div><\/li>\n<li><div class=\"wp-block-latest-posts__featured-image\"><img loading=\"lazy\" decoding=\"async\" width=\"200\" height=\"133\" src=\"https:\/\/www.ff-mariaschmolln.at\/web\/wp-content\/uploads\/2021\/08\/IMG_5989-300x200.jpg\" class=\"attachment-medium size-medium wp-post-image\" alt=\"\" style=\"\" srcset=\"https:\/\/www.ff-mariaschmolln.at\/web\/wp-content\/uploads\/2021\/08\/IMG_5989-300x200.jpg 300w, https:\/\/www.ff-mariaschmolln.at\/web\/wp-content\/uploads\/2021\/08\/IMG_5989-1024x683.jpg 1024w, https:\/\/www.ff-mariaschmolln.at\/web\/wp-content\/uploads\/2021\/08\/IMG_5989-768x512.jpg 768w, https:\/\/www.ff-mariaschmolln.at\/web\/wp-content\/uploads\/2021\/08\/IMG_5989-1536x1024.jpg 1536w, https:\/\/www.ff-mariaschmolln.at\/web\/wp-content\/uploads\/2021\/08\/IMG_5989-2048x1365.jpg 2048w\" sizes=\"auto, (max-width: 200px) 100vw, 200px\" \/><\/div><a class=\"wp-block-latest-posts__post-title\" href=\"https:\/\/www.ff-mariaschmolln.at\/web\/vollversammlung-am-3-juli-2021\/\">Vollversammlung am 3. Juli 2021<\/a><time datetime=\"2021-07-04T21:06:00+02:00\" class=\"wp-block-latest-posts__post-date\">4. Juli 2021<\/time><div class=\"wp-block-latest-posts__post-excerpt\">Am Samstag, den 3. Juli 2021, fand die Vollversammlung&#8230;<\/div><\/li>\n<li><div class=\"wp-block-latest-posts__featured-image\"><img loading=\"lazy\" decoding=\"async\" width=\"200\" height=\"133\" src=\"https:\/\/www.ff-mariaschmolln.at\/web\/wp-content\/uploads\/2021\/08\/IMG_5662-300x200.jpg\" class=\"attachment-medium size-medium wp-post-image\" alt=\"\" style=\"\" srcset=\"https:\/\/www.ff-mariaschmolln.at\/web\/wp-content\/uploads\/2021\/08\/IMG_5662-300x200.jpg 300w, https:\/\/www.ff-mariaschmolln.at\/web\/wp-content\/uploads\/2021\/08\/IMG_5662-1024x683.jpg 1024w, https:\/\/www.ff-mariaschmolln.at\/web\/wp-content\/uploads\/2021\/08\/IMG_5662-768x512.jpg 768w, https:\/\/www.ff-mariaschmolln.at\/web\/wp-content\/uploads\/2021\/08\/IMG_5662-1536x1024.jpg 1536w, https:\/\/www.ff-mariaschmolln.at\/web\/wp-content\/uploads\/2021\/08\/IMG_5662-2048x1365.jpg 2048w\" sizes=\"auto, (max-width: 200px) 100vw, 200px\" \/><\/div><a class=\"wp-block-latest-posts__post-title\" href=\"https:\/\/www.ff-mariaschmolln.at\/web\/empfang-tlfa-b-2000\/\">Empfang TLFA-B 2000<\/a><time datetime=\"2021-07-02T21:08:00+02:00\" class=\"wp-block-latest-posts__post-date\">2. Juli 2021<\/time><div class=\"wp-block-latest-posts__post-excerpt\">Am 1. Juli 2021 durften wir unser neues TLFA-B 2000 in&#8230;<\/div><\/li>\n<li><div class=\"wp-block-latest-posts__featured-image\"><img loading=\"lazy\" decoding=\"async\" width=\"192\" height=\"200\" src=\"https:\/\/www.ff-mariaschmolln.at\/web\/wp-content\/uploads\/2021\/06\/WhatsApp-Image-2021-06-19-at-18.07.12-288x300.jpeg\" class=\"attachment-medium size-medium wp-post-image\" alt=\"\" style=\"\" srcset=\"https:\/\/www.ff-mariaschmolln.at\/web\/wp-content\/uploads\/2021\/06\/WhatsApp-Image-2021-06-19-at-18.07.12-288x300.jpeg 288w, https:\/\/www.ff-mariaschmolln.at\/web\/wp-content\/uploads\/2021\/06\/WhatsApp-Image-2021-06-19-at-18.07.12-984x1024.jpeg 984w, https:\/\/www.ff-mariaschmolln.at\/web\/wp-content\/uploads\/2021\/06\/WhatsApp-Image-2021-06-19-at-18.07.12-768x799.jpeg 768w, https:\/\/www.ff-mariaschmolln.at\/web\/wp-content\/uploads\/2021\/06\/WhatsApp-Image-2021-06-19-at-18.07.12-1476x1536.jpeg 1476w, https:\/\/www.ff-mariaschmolln.at\/web\/wp-content\/uploads\/2021\/06\/WhatsApp-Image-2021-06-19-at-18.07.12.jpeg 1538w\" sizes=\"auto, (max-width: 192px) 100vw, 192px\" \/><\/div><a class=\"wp-block-latest-posts__post-title\" href=\"https:\/\/www.ff-mariaschmolln.at\/web\/fula-bronze\/\">FuLA Bronze\u00a0<\/a><time datetime=\"2021-06-20T21:10:00+02:00\" class=\"wp-block-latest-posts__post-date\">20. Juni 2021<\/time><div class=\"wp-block-latest-posts__post-excerpt\">Am 19. Juni 2021 haben zwei unserer Feuerwehrmitglieder&#8230;<\/div><\/li>\n<li><div class=\"wp-block-latest-posts__featured-image\"><img loading=\"lazy\" decoding=\"async\" width=\"200\" height=\"141\" src=\"https:\/\/www.ff-mariaschmolln.at\/web\/wp-content\/uploads\/2021\/06\/Danke-300x211.jpg\" class=\"attachment-medium size-medium wp-post-image\" alt=\"\" style=\"\" srcset=\"https:\/\/www.ff-mariaschmolln.at\/web\/wp-content\/uploads\/2021\/06\/Danke-300x211.jpg 300w, https:\/\/www.ff-mariaschmolln.at\/web\/wp-content\/uploads\/2021\/06\/Danke-1024x722.jpg 1024w, https:\/\/www.ff-mariaschmolln.at\/web\/wp-content\/uploads\/2021\/06\/Danke-768x541.jpg 768w, https:\/\/www.ff-mariaschmolln.at\/web\/wp-content\/uploads\/2021\/06\/Danke-1536x1082.jpg 1536w, https:\/\/www.ff-mariaschmolln.at\/web\/wp-content\/uploads\/2021\/06\/Danke-2048x1443.jpg 2048w\" sizes=\"auto, (max-width: 200px) 100vw, 200px\" \/><\/div><a class=\"wp-block-latest-posts__post-title\" href=\"https:\/\/www.ff-mariaschmolln.at\/web\/haussammlung-fuer-neues-tlfa-b-2000\/\">Haussammlung f\u00fcr neues TLFA-B 2000<\/a><time datetime=\"2021-06-01T21:09:00+02:00\" class=\"wp-block-latest-posts__post-date\">1. Juni 2021<\/time><div class=\"wp-block-latest-posts__post-excerpt\">Unser altes Tankl\u00f6schfahrzeug hat\u00a0nach 34 Jahren nun&#8230;<\/div><\/li>\n<li><div class=\"wp-block-latest-posts__featured-image\"><img loading=\"lazy\" decoding=\"async\" width=\"200\" height=\"150\" src=\"https:\/\/www.ff-mariaschmolln.at\/web\/wp-content\/uploads\/2021\/05\/WhatsApp-Image-2021-05-08-at-13.52.12-1-300x225.jpeg\" class=\"attachment-medium size-medium wp-post-image\" alt=\"\" style=\"\" srcset=\"https:\/\/www.ff-mariaschmolln.at\/web\/wp-content\/uploads\/2021\/05\/WhatsApp-Image-2021-05-08-at-13.52.12-1-300x225.jpeg 300w, https:\/\/www.ff-mariaschmolln.at\/web\/wp-content\/uploads\/2021\/05\/WhatsApp-Image-2021-05-08-at-13.52.12-1-1024x768.jpeg 1024w, https:\/\/www.ff-mariaschmolln.at\/web\/wp-content\/uploads\/2021\/05\/WhatsApp-Image-2021-05-08-at-13.52.12-1-768x576.jpeg 768w, https:\/\/www.ff-mariaschmolln.at\/web\/wp-content\/uploads\/2021\/05\/WhatsApp-Image-2021-05-08-at-13.52.12-1-1536x1152.jpeg 1536w, https:\/\/www.ff-mariaschmolln.at\/web\/wp-content\/uploads\/2021\/05\/WhatsApp-Image-2021-05-08-at-13.52.12-1.jpeg 1600w\" sizes=\"auto, (max-width: 200px) 100vw, 200px\" \/><\/div><a class=\"wp-block-latest-posts__post-title\" href=\"https:\/\/www.ff-mariaschmolln.at\/web\/fjla-gold-4\/\">FJLA GOLD<\/a><time datetime=\"2021-05-09T12:37:00+02:00\" class=\"wp-block-latest-posts__post-date\">9. Mai 2021<\/time><div class=\"wp-block-latest-posts__post-excerpt\">Am 8. Mai 2021 haben 5 Jugendliche unserer FF das&#8230;<\/div><\/li>\n<li><a class=\"wp-block-latest-posts__post-title\" href=\"https:\/\/www.ff-mariaschmolln.at\/web\/halbjahresbericht-2021\/\">Halbjahresbericht 2021<\/a><time datetime=\"2021-04-30T21:11:00+02:00\" class=\"wp-block-latest-posts__post-date\">30. April 2021<\/time><div class=\"wp-block-latest-posts__post-excerpt\"><\/div><\/li>\n<li><div class=\"wp-block-latest-posts__featured-image\"><img loading=\"lazy\" decoding=\"async\" width=\"200\" height=\"150\" src=\"https:\/\/www.ff-mariaschmolln.at\/web\/wp-content\/uploads\/2024\/08\/IMG-20210320-WA0002-300x225.jpg\" class=\"attachment-medium size-medium wp-post-image\" alt=\"\" style=\"\" srcset=\"https:\/\/www.ff-mariaschmolln.at\/web\/wp-content\/uploads\/2024\/08\/IMG-20210320-WA0002-300x225.jpg 300w, https:\/\/www.ff-mariaschmolln.at\/web\/wp-content\/uploads\/2024\/08\/IMG-20210320-WA0002-1024x768.jpg 1024w, https:\/\/www.ff-mariaschmolln.at\/web\/wp-content\/uploads\/2024\/08\/IMG-20210320-WA0002-768x576.jpg 768w, https:\/\/www.ff-mariaschmolln.at\/web\/wp-content\/uploads\/2024\/08\/IMG-20210320-WA0002-1536x1152.jpg 1536w, https:\/\/www.ff-mariaschmolln.at\/web\/wp-content\/uploads\/2024\/08\/IMG-20210320-WA0002-600x450.jpg 600w, https:\/\/www.ff-mariaschmolln.at\/web\/wp-content\/uploads\/2024\/08\/IMG-20210320-WA0002.jpg 1600w\" sizes=\"auto, (max-width: 200px) 100vw, 200px\" \/><\/div><a class=\"wp-block-latest-posts__post-title\" href=\"https:\/\/www.ff-mariaschmolln.at\/web\/wissenstest\/\">Wissenstest<\/a><time datetime=\"2021-03-21T11:52:00+01:00\" class=\"wp-block-latest-posts__post-date\">21. M\u00e4rz 2021<\/time><div class=\"wp-block-latest-posts__post-excerpt\">Am 20. M\u00e4rz fand die praktische Pr\u00fcfung des Wissenstests&#8230;<\/div><\/li>\n<\/ul>\n\n\n<ul class=\"wp-block-list\">\n<li><a href=\"https:\/\/www.ff-mariaschmolln.at\/web\/news-2026\" data-type=\"link\" data-id=\"https:\/\/www.ff-mariaschmolln.at\/web\/news-2026\">News 2026<\/a><\/li>\n\n\n\n<li><a href=\"https:\/\/www.ff-mariaschmolln.at\/web\/news\/news-2025\/\" data-type=\"link\" data-id=\"https:\/\/www.ff-mariaschmolln.at\/web\/news\/news-2025\/\">News 2025<\/a><\/li>\n\n\n\n<li><a href=\"https:\/\/www.ff-mariaschmolln.at\/web\/news\/news-2024\/\">News 2024<\/a><\/li>\n\n\n\n<li><a href=\"https:\/\/www.ff-mariaschmolln.at\/web\/news\/news-2023\/\">News 2023<\/a><\/li>\n\n\n\n<li><a href=\"https:\/\/www.ff-mariaschmolln.at\/web\/news\/news-2022\/\">News 2022<\/a><\/li>\n\n\n\n<li><a href=\"https:\/\/www.ff-mariaschmolln.at\/web\/news\/news-2021\/\">News 2021<\/a><\/li>\n\n\n\n<li><a href=\"https:\/\/www.ff-mariaschmolln.at\/web\/news\/news-2020\/\">News 2020<\/a><\/li>\n\n\n\n<li><a href=\"https:\/\/www.ff-mariaschmolln.at\/web\/news\/news-2019\/\">News 2019<\/a><\/li>\n<\/ul>\n","protected":false},"excerpt":{"rendered":"","protected":false},"author":1,"featured_media":0,"parent":9,"menu_order":0,"comment_status":"closed","ping_status":"closed","template":"","meta":{"footnotes":""},"class_list":["post-1417","page","type-page","status-publish","hentry","comments-off"],"_links":{"self":[{"href":"https:\/\/www.ff-mariaschmolln.at\/web\/wp-json\/wp\/v2\/pages\/1417","targetHints":{"allow":["GET"]}}],"collection":[{"href":"https:\/\/www.ff-mariaschmolln.at\/web\/wp-json\/wp\/v2\/pages"}],"about":[{"href":"https:\/\/www.ff-mariaschmolln.at\/web\/wp-json\/wp\/v2\/types\/page"}],"author":[{"embeddable":true,"href":"https:\/\/www.ff-mariaschmolln.at\/web\/wp-json\/wp\/v2\/users\/1"}],"replies":[{"embeddable":true,"href":"https:\/\/www.ff-mariaschmolln.at\/web\/wp-json\/wp\/v2\/comments?post=1417"}],"version-history":[{"count":13,"href":"https:\/\/www.ff-mariaschmolln.at\/web\/wp-json\/wp\/v2\/pages\/1417\/revisions"}],"predecessor-version":[{"id":4108,"href":"https:\/\/www.ff-mariaschmolln.at\/web\/wp-json\/wp\/v2\/pages\/1417\/revisions\/4108"}],"up":[{"embeddable":true,"href":"https:\/\/www.ff-mariaschmolln.at\/web\/wp-json\/wp\/v2\/pages\/9"}],"wp:attachment":[{"href":"https:\/\/www.ff-mariaschmolln.at\/web\/wp-json\/wp\/v2\/media?parent=1417"}],"curies":[{"name":"wp","href":"https:\/\/api.w.org\/{rel}","templated":true}]}}