{"id":2080,"date":"2024-08-18T14:39:38","date_gmt":"2024-08-18T12:39:38","guid":{"rendered":"https:\/\/www.ff-mariaschmolln.at\/web\/?page_id=2080"},"modified":"2026-02-23T12:33:25","modified_gmt":"2026-02-23T11:33:25","slug":"uebungen-2023","status":"publish","type":"page","link":"https:\/\/www.ff-mariaschmolln.at\/web\/uebungen\/uebungen-2023\/","title":{"rendered":"\u00dcbungen 2023"},"content":{"rendered":"<ul class=\"wp-block-latest-posts__list is-grid columns-3 has-dates wp-block-latest-posts\"><li><a class=\"wp-block-latest-posts__post-title\" href=\"https:\/\/www.ff-mariaschmolln.at\/web\/uebung-14-12-2023\/\">\u00dcbung 14.12.2023<\/a><time datetime=\"2023-12-15T15:40:00+01:00\" class=\"wp-block-latest-posts__post-date\">15. Dezember 2023<\/time><div class=\"wp-block-latest-posts__post-excerpt\">Die letzte \u00dcbung dieses Jahres fand unter dem Stichwort&#8230;<\/div><\/li>\n<li><a class=\"wp-block-latest-posts__post-title\" href=\"https:\/\/www.ff-mariaschmolln.at\/web\/uebung-30-11-2023\/\">\u00dcbung 30.11.2023<\/a><time datetime=\"2023-12-01T15:42:00+01:00\" class=\"wp-block-latest-posts__post-date\">1. Dezember 2023<\/time><div class=\"wp-block-latest-posts__post-excerpt\">Am 30. November fand wieder eine 40+, 50+, 60+&#8230;<\/div><\/li>\n<li><div class=\"wp-block-latest-posts__featured-image\"><img loading=\"lazy\" decoding=\"async\" width=\"150\" height=\"200\" src=\"https:\/\/www.ff-mariaschmolln.at\/web\/wp-content\/uploads\/2024\/08\/WhatsApp-Image-2024-08-22-at-15.44.22-225x300.jpeg\" class=\"attachment-medium size-medium wp-post-image\" alt=\"\" style=\"\" srcset=\"https:\/\/www.ff-mariaschmolln.at\/web\/wp-content\/uploads\/2024\/08\/WhatsApp-Image-2024-08-22-at-15.44.22-225x300.jpeg 225w, https:\/\/www.ff-mariaschmolln.at\/web\/wp-content\/uploads\/2024\/08\/WhatsApp-Image-2024-08-22-at-15.44.22-768x1024.jpeg 768w, https:\/\/www.ff-mariaschmolln.at\/web\/wp-content\/uploads\/2024\/08\/WhatsApp-Image-2024-08-22-at-15.44.22-1152x1536.jpeg 1152w, https:\/\/www.ff-mariaschmolln.at\/web\/wp-content\/uploads\/2024\/08\/WhatsApp-Image-2024-08-22-at-15.44.22.jpeg 1200w\" sizes=\"auto, (max-width: 150px) 100vw, 150px\" \/><\/div><a class=\"wp-block-latest-posts__post-title\" href=\"https:\/\/www.ff-mariaschmolln.at\/web\/uebung-23-11-2023\/\">\u00dcbung 23.11.2023<\/a><time datetime=\"2023-11-24T15:43:00+01:00\" class=\"wp-block-latest-posts__post-date\">24. November 2023<\/time><div class=\"wp-block-latest-posts__post-excerpt\">Am 23. November fand eine Maschinistenschulung&#8230;<\/div><\/li>\n<li><div class=\"wp-block-latest-posts__featured-image\"><img loading=\"lazy\" decoding=\"async\" width=\"150\" height=\"200\" src=\"https:\/\/www.ff-mariaschmolln.at\/web\/wp-content\/uploads\/2024\/08\/WhatsApp-Image-2024-08-22-at-15.44.40-225x300.jpeg\" class=\"attachment-medium size-medium wp-post-image\" alt=\"\" style=\"\" srcset=\"https:\/\/www.ff-mariaschmolln.at\/web\/wp-content\/uploads\/2024\/08\/WhatsApp-Image-2024-08-22-at-15.44.40-225x300.jpeg 225w, https:\/\/www.ff-mariaschmolln.at\/web\/wp-content\/uploads\/2024\/08\/WhatsApp-Image-2024-08-22-at-15.44.40-768x1024.jpeg 768w, https:\/\/www.ff-mariaschmolln.at\/web\/wp-content\/uploads\/2024\/08\/WhatsApp-Image-2024-08-22-at-15.44.40-1152x1536.jpeg 1152w, https:\/\/www.ff-mariaschmolln.at\/web\/wp-content\/uploads\/2024\/08\/WhatsApp-Image-2024-08-22-at-15.44.40.jpeg 1200w\" sizes=\"auto, (max-width: 150px) 100vw, 150px\" \/><\/div><a class=\"wp-block-latest-posts__post-title\" href=\"https:\/\/www.ff-mariaschmolln.at\/web\/uebung-09-11-2023\/\">\u00dcbung 09.11.2023<\/a><time datetime=\"2023-11-10T15:46:00+01:00\" class=\"wp-block-latest-posts__post-date\">10. November 2023<\/time><div class=\"wp-block-latest-posts__post-excerpt\">Diesen Donnerstag fand eine technische \u00dcbung mit dem&#8230;<\/div><\/li>\n<li><div class=\"wp-block-latest-posts__featured-image\"><img loading=\"lazy\" decoding=\"async\" width=\"200\" height=\"149\" src=\"https:\/\/www.ff-mariaschmolln.at\/web\/wp-content\/uploads\/2024\/08\/WhatsApp-Image-2024-08-21-at-15.42.27-e1724247823627-300x224.jpeg\" class=\"attachment-medium size-medium wp-post-image\" alt=\"\" style=\"\" srcset=\"https:\/\/www.ff-mariaschmolln.at\/web\/wp-content\/uploads\/2024\/08\/WhatsApp-Image-2024-08-21-at-15.42.27-e1724247823627-300x224.jpeg 300w, https:\/\/www.ff-mariaschmolln.at\/web\/wp-content\/uploads\/2024\/08\/WhatsApp-Image-2024-08-21-at-15.42.27-e1724247823627-1024x763.jpeg 1024w, https:\/\/www.ff-mariaschmolln.at\/web\/wp-content\/uploads\/2024\/08\/WhatsApp-Image-2024-08-21-at-15.42.27-e1724247823627-768x572.jpeg 768w, https:\/\/www.ff-mariaschmolln.at\/web\/wp-content\/uploads\/2024\/08\/WhatsApp-Image-2024-08-21-at-15.42.27-e1724247823627-600x450.jpeg 600w, https:\/\/www.ff-mariaschmolln.at\/web\/wp-content\/uploads\/2024\/08\/WhatsApp-Image-2024-08-21-at-15.42.27-e1724247823627.jpeg 1280w\" sizes=\"auto, (max-width: 200px) 100vw, 200px\" \/><\/div><a class=\"wp-block-latest-posts__post-title\" href=\"https:\/\/www.ff-mariaschmolln.at\/web\/technischer-uebungstag-thannstrass-21-10-2023\/\">Technischer \u00dcbungstag Thannstra\u00df 21.10.2023<\/a><time datetime=\"2023-10-22T15:43:00+02:00\" class=\"wp-block-latest-posts__post-date\">22. Oktober 2023<\/time><div class=\"wp-block-latest-posts__post-excerpt\">Am 21. Oktober beteiligten sich etliche Kameraden unserer&#8230;<\/div><\/li>\n<li><div class=\"wp-block-latest-posts__featured-image\"><img loading=\"lazy\" decoding=\"async\" width=\"133\" height=\"200\" src=\"https:\/\/www.ff-mariaschmolln.at\/web\/wp-content\/uploads\/2023\/11\/ff-41-200x300.jpg\" class=\"attachment-medium size-medium wp-post-image\" alt=\"\" style=\"\" srcset=\"https:\/\/www.ff-mariaschmolln.at\/web\/wp-content\/uploads\/2023\/11\/ff-41-200x300.jpg 200w, https:\/\/www.ff-mariaschmolln.at\/web\/wp-content\/uploads\/2023\/11\/ff-41-682x1024.jpg 682w, https:\/\/www.ff-mariaschmolln.at\/web\/wp-content\/uploads\/2023\/11\/ff-41-768x1152.jpg 768w, https:\/\/www.ff-mariaschmolln.at\/web\/wp-content\/uploads\/2023\/11\/ff-41-1024x1536.jpg 1024w, https:\/\/www.ff-mariaschmolln.at\/web\/wp-content\/uploads\/2023\/11\/ff-41.jpg 1333w\" sizes=\"auto, (max-width: 133px) 100vw, 133px\" \/><\/div><a class=\"wp-block-latest-posts__post-title\" href=\"https:\/\/www.ff-mariaschmolln.at\/web\/herbstuebung-14-10-2023\/\">Herbst\u00fcbung 14.10.2023<\/a><time datetime=\"2023-10-15T20:22:00+02:00\" class=\"wp-block-latest-posts__post-date\">15. Oktober 2023<\/time><div class=\"wp-block-latest-posts__post-excerpt\">Am Samstag, dem 14.Oktober 2023 fand in Maria Schmolln eine Gro\u00df\u00fcbung&#8230;<\/div><\/li>\n<li><a class=\"wp-block-latest-posts__post-title\" href=\"https:\/\/www.ff-mariaschmolln.at\/web\/uebung-28-09-2023\/\">\u00dcbung 28.09.2023<\/a><time datetime=\"2023-09-29T20:08:00+02:00\" class=\"wp-block-latest-posts__post-date\">29. September 2023<\/time><div class=\"wp-block-latest-posts__post-excerpt\">Am 28. September wurde im Geb\u00e4udekomplex des Alten- und&#8230;<\/div><\/li>\n<li><div class=\"wp-block-latest-posts__featured-image\"><img loading=\"lazy\" decoding=\"async\" width=\"200\" height=\"142\" src=\"https:\/\/www.ff-mariaschmolln.at\/web\/wp-content\/uploads\/2023\/09\/WhatsApp-Image-2023-09-28-at-15.16.35-e1695907064237-300x213.jpeg\" class=\"attachment-medium size-medium wp-post-image\" alt=\"\" style=\"\" srcset=\"https:\/\/www.ff-mariaschmolln.at\/web\/wp-content\/uploads\/2023\/09\/WhatsApp-Image-2023-09-28-at-15.16.35-e1695907064237-300x213.jpeg 300w, https:\/\/www.ff-mariaschmolln.at\/web\/wp-content\/uploads\/2023\/09\/WhatsApp-Image-2023-09-28-at-15.16.35-e1695907064237-1024x727.jpeg 1024w, https:\/\/www.ff-mariaschmolln.at\/web\/wp-content\/uploads\/2023\/09\/WhatsApp-Image-2023-09-28-at-15.16.35-e1695907064237-768x545.jpeg 768w, https:\/\/www.ff-mariaschmolln.at\/web\/wp-content\/uploads\/2023\/09\/WhatsApp-Image-2023-09-28-at-15.16.35-e1695907064237-1536x1091.jpeg 1536w, https:\/\/www.ff-mariaschmolln.at\/web\/wp-content\/uploads\/2023\/09\/WhatsApp-Image-2023-09-28-at-15.16.35-e1695907064237.jpeg 2000w\" sizes=\"auto, (max-width: 200px) 100vw, 200px\" \/><\/div><a class=\"wp-block-latest-posts__post-title\" href=\"https:\/\/www.ff-mariaschmolln.at\/web\/uebung-21-09-2023\/\">\u00dcbung 21.09.2023<\/a><time datetime=\"2023-09-22T23:49:00+02:00\" class=\"wp-block-latest-posts__post-date\">22. September 2023<\/time><div class=\"wp-block-latest-posts__post-excerpt\">Bei der \u00dcbung am 21. September wurde wieder das Augenmerk&#8230;<\/div><\/li>\n<li><div class=\"wp-block-latest-posts__featured-image\"><img loading=\"lazy\" decoding=\"async\" width=\"150\" height=\"200\" src=\"https:\/\/www.ff-mariaschmolln.at\/web\/wp-content\/uploads\/2023\/09\/IMG_2061-225x300.jpeg\" class=\"attachment-medium size-medium wp-post-image\" alt=\"\" style=\"\" srcset=\"https:\/\/www.ff-mariaschmolln.at\/web\/wp-content\/uploads\/2023\/09\/IMG_2061-225x300.jpeg 225w, https:\/\/www.ff-mariaschmolln.at\/web\/wp-content\/uploads\/2023\/09\/IMG_2061-768x1024.jpeg 768w, https:\/\/www.ff-mariaschmolln.at\/web\/wp-content\/uploads\/2023\/09\/IMG_2061-1152x1536.jpeg 1152w, https:\/\/www.ff-mariaschmolln.at\/web\/wp-content\/uploads\/2023\/09\/IMG_2061.jpeg 1536w\" sizes=\"auto, (max-width: 150px) 100vw, 150px\" \/><\/div><a class=\"wp-block-latest-posts__post-title\" href=\"https:\/\/www.ff-mariaschmolln.at\/web\/uebung-02-09-2023\/\">\u00dcbung 02.09.2023<\/a><time datetime=\"2023-09-03T23:51:00+02:00\" class=\"wp-block-latest-posts__post-date\">3. September 2023<\/time><div class=\"wp-block-latest-posts__post-excerpt\">\u00dcbungsszenario am 02. September war ein Verkehrsunfall&#8230;<\/div><\/li>\n<li><a class=\"wp-block-latest-posts__post-title\" href=\"https:\/\/www.ff-mariaschmolln.at\/web\/uebung-24-08-2023\/\">\u00dcbung 24.08.2023<\/a><time datetime=\"2023-08-25T23:51:00+02:00\" class=\"wp-block-latest-posts__post-date\">25. August 2023<\/time><div class=\"wp-block-latest-posts__post-excerpt\">Am 24. August fand wieder eine 40+, 50+, 60+&#8230;<\/div><\/li>\n<li><a class=\"wp-block-latest-posts__post-title\" href=\"https:\/\/www.ff-mariaschmolln.at\/web\/uebung-10-08-2023\/\">\u00dcbung 10.08.2023<\/a><time datetime=\"2023-08-11T23:52:00+02:00\" class=\"wp-block-latest-posts__post-date\">11. August 2023<\/time><div class=\"wp-block-latest-posts__post-excerpt\">Am 10. August startete wieder eine Basis\u00fcbung des Berger\u00e4ts&#8230;<\/div><\/li>\n<li><div class=\"wp-block-latest-posts__featured-image\"><img loading=\"lazy\" decoding=\"async\" width=\"200\" height=\"150\" src=\"https:\/\/www.ff-mariaschmolln.at\/web\/wp-content\/uploads\/2023\/08\/WhatsApp-Image-2023-07-27-at-21.01.56-1-300x225.jpeg\" class=\"attachment-medium size-medium wp-post-image\" alt=\"\" style=\"\" srcset=\"https:\/\/www.ff-mariaschmolln.at\/web\/wp-content\/uploads\/2023\/08\/WhatsApp-Image-2023-07-27-at-21.01.56-1-300x225.jpeg 300w, https:\/\/www.ff-mariaschmolln.at\/web\/wp-content\/uploads\/2023\/08\/WhatsApp-Image-2023-07-27-at-21.01.56-1-768x576.jpeg 768w, https:\/\/www.ff-mariaschmolln.at\/web\/wp-content\/uploads\/2023\/08\/WhatsApp-Image-2023-07-27-at-21.01.56-1.jpeg 1024w\" sizes=\"auto, (max-width: 200px) 100vw, 200px\" \/><\/div><a class=\"wp-block-latest-posts__post-title\" href=\"https:\/\/www.ff-mariaschmolln.at\/web\/uebung-27-07-2023\/\">\u00dcbung 27.07.2023<\/a><time datetime=\"2023-07-28T00:07:00+02:00\" class=\"wp-block-latest-posts__post-date\">28. Juli 2023<\/time><div class=\"wp-block-latest-posts__post-excerpt\">Am 27. Juli fand die erste \u00dcbung nach der Sommerpause&#8230;<\/div><\/li>\n<li><div class=\"wp-block-latest-posts__featured-image\"><img loading=\"lazy\" decoding=\"async\" width=\"150\" height=\"200\" src=\"https:\/\/www.ff-mariaschmolln.at\/web\/wp-content\/uploads\/2023\/06\/WhatsApp-Image-2023-06-02-at-09.13.25-225x300.jpeg\" class=\"attachment-medium size-medium wp-post-image\" alt=\"\" style=\"\" srcset=\"https:\/\/www.ff-mariaschmolln.at\/web\/wp-content\/uploads\/2023\/06\/WhatsApp-Image-2023-06-02-at-09.13.25-225x300.jpeg 225w, https:\/\/www.ff-mariaschmolln.at\/web\/wp-content\/uploads\/2023\/06\/WhatsApp-Image-2023-06-02-at-09.13.25.jpeg 768w\" sizes=\"auto, (max-width: 150px) 100vw, 150px\" \/><\/div><a class=\"wp-block-latest-posts__post-title\" href=\"https:\/\/www.ff-mariaschmolln.at\/web\/uebung-01-06-2023\/\">\u00dcbung 01.06.2023<\/a><time datetime=\"2023-06-02T00:08:00+02:00\" class=\"wp-block-latest-posts__post-date\">2. Juni 2023<\/time><div class=\"wp-block-latest-posts__post-excerpt\">Die L\u00f6schwasserf\u00f6rderung, der Umgang mit dem Wasserwerfer&#8230;<\/div><\/li>\n<li><div class=\"wp-block-latest-posts__featured-image\"><img loading=\"lazy\" decoding=\"async\" width=\"200\" height=\"150\" src=\"https:\/\/www.ff-mariaschmolln.at\/web\/wp-content\/uploads\/2023\/06\/WhatsApp-Image-2023-06-02-at-09.21.23-300x225.jpeg\" class=\"attachment-medium size-medium wp-post-image\" alt=\"\" style=\"\" srcset=\"https:\/\/www.ff-mariaschmolln.at\/web\/wp-content\/uploads\/2023\/06\/WhatsApp-Image-2023-06-02-at-09.21.23-300x225.jpeg 300w, https:\/\/www.ff-mariaschmolln.at\/web\/wp-content\/uploads\/2023\/06\/WhatsApp-Image-2023-06-02-at-09.21.23-1024x768.jpeg 1024w, https:\/\/www.ff-mariaschmolln.at\/web\/wp-content\/uploads\/2023\/06\/WhatsApp-Image-2023-06-02-at-09.21.23-768x576.jpeg 768w, https:\/\/www.ff-mariaschmolln.at\/web\/wp-content\/uploads\/2023\/06\/WhatsApp-Image-2023-06-02-at-09.21.23-1536x1152.jpeg 1536w, https:\/\/www.ff-mariaschmolln.at\/web\/wp-content\/uploads\/2023\/06\/WhatsApp-Image-2023-06-02-at-09.21.23.jpeg 2000w\" sizes=\"auto, (max-width: 200px) 100vw, 200px\" \/><\/div><a class=\"wp-block-latest-posts__post-title\" href=\"https:\/\/www.ff-mariaschmolln.at\/web\/uebung-25-05-2023\/\">\u00dcbung 25.05.2023<\/a><time datetime=\"2023-05-26T00:09:00+02:00\" class=\"wp-block-latest-posts__post-date\">26. Mai 2023<\/time><div class=\"wp-block-latest-posts__post-excerpt\">Am 25. Mai fand wieder eine 40+, 50+, 60+ \u00dcbung&#8230;<\/div><\/li>\n<li><div class=\"wp-block-latest-posts__featured-image\"><img loading=\"lazy\" decoding=\"async\" width=\"150\" height=\"200\" src=\"https:\/\/www.ff-mariaschmolln.at\/web\/wp-content\/uploads\/2024\/08\/WhatsApp-Image-2024-08-22-at-10.24.11-225x300.jpeg\" class=\"attachment-medium size-medium wp-post-image\" alt=\"\" style=\"\" srcset=\"https:\/\/www.ff-mariaschmolln.at\/web\/wp-content\/uploads\/2024\/08\/WhatsApp-Image-2024-08-22-at-10.24.11-225x300.jpeg 225w, https:\/\/www.ff-mariaschmolln.at\/web\/wp-content\/uploads\/2024\/08\/WhatsApp-Image-2024-08-22-at-10.24.11-768x1024.jpeg 768w, https:\/\/www.ff-mariaschmolln.at\/web\/wp-content\/uploads\/2024\/08\/WhatsApp-Image-2024-08-22-at-10.24.11-1152x1536.jpeg 1152w, https:\/\/www.ff-mariaschmolln.at\/web\/wp-content\/uploads\/2024\/08\/WhatsApp-Image-2024-08-22-at-10.24.11.jpeg 1200w\" sizes=\"auto, (max-width: 150px) 100vw, 150px\" \/><\/div><a class=\"wp-block-latest-posts__post-title\" href=\"https:\/\/www.ff-mariaschmolln.at\/web\/f-kat-uebung-13-05-2023\/\">F-KAT \u00dcbung 13.05.2023<\/a><time datetime=\"2023-05-14T10:21:00+02:00\" class=\"wp-block-latest-posts__post-date\">14. Mai 2023<\/time><div class=\"wp-block-latest-posts__post-excerpt\">Am 13. Mai beteiligten sich einige unserer Kameraden&#8230;<\/div><\/li>\n<li><a class=\"wp-block-latest-posts__post-title\" href=\"https:\/\/www.ff-mariaschmolln.at\/web\/uebung-11-05-2023\/\">\u00dcbung 11.05.2023<\/a><time datetime=\"2023-05-12T00:10:00+02:00\" class=\"wp-block-latest-posts__post-date\">12. Mai 2023<\/time><div class=\"wp-block-latest-posts__post-excerpt\">Bei der \u00dcbung am 11. Mai wurde die Personenrettung aus&#8230;<\/div><\/li>\n<li><div class=\"wp-block-latest-posts__featured-image\"><img loading=\"lazy\" decoding=\"async\" width=\"200\" height=\"150\" src=\"https:\/\/www.ff-mariaschmolln.at\/web\/wp-content\/uploads\/2024\/08\/WhatsApp-Image-2024-08-22-at-10.36.47-300x225.jpeg\" class=\"attachment-medium size-medium wp-post-image\" alt=\"\" style=\"\" srcset=\"https:\/\/www.ff-mariaschmolln.at\/web\/wp-content\/uploads\/2024\/08\/WhatsApp-Image-2024-08-22-at-10.36.47-300x225.jpeg 300w, https:\/\/www.ff-mariaschmolln.at\/web\/wp-content\/uploads\/2024\/08\/WhatsApp-Image-2024-08-22-at-10.36.47-1024x768.jpeg 1024w, https:\/\/www.ff-mariaschmolln.at\/web\/wp-content\/uploads\/2024\/08\/WhatsApp-Image-2024-08-22-at-10.36.47-768x576.jpeg 768w, https:\/\/www.ff-mariaschmolln.at\/web\/wp-content\/uploads\/2024\/08\/WhatsApp-Image-2024-08-22-at-10.36.47-1536x1152.jpeg 1536w, https:\/\/www.ff-mariaschmolln.at\/web\/wp-content\/uploads\/2024\/08\/WhatsApp-Image-2024-08-22-at-10.36.47-600x450.jpeg 600w, https:\/\/www.ff-mariaschmolln.at\/web\/wp-content\/uploads\/2024\/08\/WhatsApp-Image-2024-08-22-at-10.36.47.jpeg 1600w\" sizes=\"auto, (max-width: 200px) 100vw, 200px\" \/><\/div><a class=\"wp-block-latest-posts__post-title\" href=\"https:\/\/www.ff-mariaschmolln.at\/web\/funkuebung-in-frauschereck-02-05-2023\/\">Funk\u00fcbung in Frauschereck 02.05.2023<\/a><time datetime=\"2023-05-03T10:34:00+02:00\" class=\"wp-block-latest-posts__post-date\">3. Mai 2023<\/time><div class=\"wp-block-latest-posts__post-excerpt\">Am 2. Mai fand in Frauschereck eine gemeinsame Funk\u00fcbung&#8230;<\/div><\/li>\n<li><div class=\"wp-block-latest-posts__featured-image\"><img loading=\"lazy\" decoding=\"async\" width=\"133\" height=\"200\" src=\"https:\/\/www.ff-mariaschmolln.at\/web\/wp-content\/uploads\/2023\/05\/WhatsApp-Image-2023-05-08-at-18.32.09-200x300.jpeg\" class=\"attachment-medium size-medium wp-post-image\" alt=\"\" style=\"\" srcset=\"https:\/\/www.ff-mariaschmolln.at\/web\/wp-content\/uploads\/2023\/05\/WhatsApp-Image-2023-05-08-at-18.32.09-200x300.jpeg 200w, https:\/\/www.ff-mariaschmolln.at\/web\/wp-content\/uploads\/2023\/05\/WhatsApp-Image-2023-05-08-at-18.32.09.jpeg 684w\" sizes=\"auto, (max-width: 133px) 100vw, 133px\" \/><\/div><a class=\"wp-block-latest-posts__post-title\" href=\"https:\/\/www.ff-mariaschmolln.at\/web\/fruehjahrsuebung-29-04-2023\/\">Fr\u00fchjahrs\u00fcbung 29.04.2023<\/a><time datetime=\"2023-04-30T00:11:00+02:00\" class=\"wp-block-latest-posts__post-date\">30. April 2023<\/time><div class=\"wp-block-latest-posts__post-excerpt\">Am Samstag, den 29. April fand unsere diesj\u00e4hrige Fr\u00fchjahrs\u00fcbung&#8230;<\/div><\/li>\n<li><div class=\"wp-block-latest-posts__featured-image\"><img loading=\"lazy\" decoding=\"async\" width=\"150\" height=\"200\" src=\"https:\/\/www.ff-mariaschmolln.at\/web\/wp-content\/uploads\/2023\/04\/WhatsApp-Image-2023-04-17-at-19.53.47-225x300.jpeg\" class=\"attachment-medium size-medium wp-post-image\" alt=\"\" style=\"\" srcset=\"https:\/\/www.ff-mariaschmolln.at\/web\/wp-content\/uploads\/2023\/04\/WhatsApp-Image-2023-04-17-at-19.53.47-225x300.jpeg 225w, https:\/\/www.ff-mariaschmolln.at\/web\/wp-content\/uploads\/2023\/04\/WhatsApp-Image-2023-04-17-at-19.53.47.jpeg 768w\" sizes=\"auto, (max-width: 150px) 100vw, 150px\" \/><\/div><a class=\"wp-block-latest-posts__post-title\" href=\"https:\/\/www.ff-mariaschmolln.at\/web\/uebung-13-04-2023\/\">\u00dcbung 13.04.2023<\/a><time datetime=\"2023-04-14T00:13:00+02:00\" class=\"wp-block-latest-posts__post-date\">14. April 2023<\/time><div class=\"wp-block-latest-posts__post-excerpt\">Die Herstellung von Schwer- und Mittelschaum \u00fcbten wir&#8230;<\/div><\/li>\n<li><div class=\"wp-block-latest-posts__featured-image\"><img loading=\"lazy\" decoding=\"async\" width=\"200\" height=\"150\" src=\"https:\/\/www.ff-mariaschmolln.at\/web\/wp-content\/uploads\/2024\/08\/WhatsApp-Image-2024-08-22-at-10.59.08-300x225.jpeg\" class=\"attachment-medium size-medium wp-post-image\" alt=\"\" style=\"\" srcset=\"https:\/\/www.ff-mariaschmolln.at\/web\/wp-content\/uploads\/2024\/08\/WhatsApp-Image-2024-08-22-at-10.59.08-300x225.jpeg 300w, https:\/\/www.ff-mariaschmolln.at\/web\/wp-content\/uploads\/2024\/08\/WhatsApp-Image-2024-08-22-at-10.59.08-1024x768.jpeg 1024w, https:\/\/www.ff-mariaschmolln.at\/web\/wp-content\/uploads\/2024\/08\/WhatsApp-Image-2024-08-22-at-10.59.08-768x576.jpeg 768w, https:\/\/www.ff-mariaschmolln.at\/web\/wp-content\/uploads\/2024\/08\/WhatsApp-Image-2024-08-22-at-10.59.08-1536x1152.jpeg 1536w, https:\/\/www.ff-mariaschmolln.at\/web\/wp-content\/uploads\/2024\/08\/WhatsApp-Image-2024-08-22-at-10.59.08-600x450.jpeg 600w, https:\/\/www.ff-mariaschmolln.at\/web\/wp-content\/uploads\/2024\/08\/WhatsApp-Image-2024-08-22-at-10.59.08.jpeg 1600w\" sizes=\"auto, (max-width: 200px) 100vw, 200px\" \/><\/div><a class=\"wp-block-latest-posts__post-title\" href=\"https:\/\/www.ff-mariaschmolln.at\/web\/grossuebung-in-schalchen-01-04-2023\/\">Gro\u00df\u00fcbung in Schalchen 01.04.2023<\/a><time datetime=\"2023-04-02T10:57:00+02:00\" class=\"wp-block-latest-posts__post-date\">2. April 2023<\/time><div class=\"wp-block-latest-posts__post-excerpt\">Einige unserer Kameraden beteiligten sich am 1. April an&#8230;<\/div><\/li>\n<li><a class=\"wp-block-latest-posts__post-title\" href=\"https:\/\/www.ff-mariaschmolln.at\/web\/uebung-16-03-2023\/\">\u00dcbung 16.03.2023<\/a><time datetime=\"2023-03-17T00:14:00+01:00\" class=\"wp-block-latest-posts__post-date\">17. M\u00e4rz 2023<\/time><div class=\"wp-block-latest-posts__post-excerpt\">Am 16. M\u00e4rz fand eine technische \u00dcbung mit Stationsbetrieb&#8230;<\/div><\/li>\n<li><div class=\"wp-block-latest-posts__featured-image\"><img loading=\"lazy\" decoding=\"async\" width=\"150\" height=\"200\" src=\"https:\/\/www.ff-mariaschmolln.at\/web\/wp-content\/uploads\/2023\/04\/WhatsApp-Image-2023-04-17-at-19.49.50-225x300.jpeg\" class=\"attachment-medium size-medium wp-post-image\" alt=\"\" style=\"\" srcset=\"https:\/\/www.ff-mariaschmolln.at\/web\/wp-content\/uploads\/2023\/04\/WhatsApp-Image-2023-04-17-at-19.49.50-225x300.jpeg 225w, https:\/\/www.ff-mariaschmolln.at\/web\/wp-content\/uploads\/2023\/04\/WhatsApp-Image-2023-04-17-at-19.49.50.jpeg 768w\" sizes=\"auto, (max-width: 150px) 100vw, 150px\" \/><\/div><a class=\"wp-block-latest-posts__post-title\" href=\"https:\/\/www.ff-mariaschmolln.at\/web\/uebung-23-02-2023\/\">\u00dcbung 23.02.2023<\/a><time datetime=\"2023-02-24T00:15:00+01:00\" class=\"wp-block-latest-posts__post-date\">24. Februar 2023<\/time><div class=\"wp-block-latest-posts__post-excerpt\">\u201eVerkehrsunfall mit eingeklemmter Person\u201c hie\u00df der Alarmtext&#8230;<\/div><\/li>\n<li><div class=\"wp-block-latest-posts__featured-image\"><img loading=\"lazy\" decoding=\"async\" width=\"200\" height=\"150\" src=\"https:\/\/www.ff-mariaschmolln.at\/web\/wp-content\/uploads\/2023\/04\/WhatsApp-Image-2023-04-17-at-19.43.17-300x225.jpeg\" class=\"attachment-medium size-medium wp-post-image\" alt=\"\" style=\"\" srcset=\"https:\/\/www.ff-mariaschmolln.at\/web\/wp-content\/uploads\/2023\/04\/WhatsApp-Image-2023-04-17-at-19.43.17-300x225.jpeg 300w, https:\/\/www.ff-mariaschmolln.at\/web\/wp-content\/uploads\/2023\/04\/WhatsApp-Image-2023-04-17-at-19.43.17-768x576.jpeg 768w, https:\/\/www.ff-mariaschmolln.at\/web\/wp-content\/uploads\/2023\/04\/WhatsApp-Image-2023-04-17-at-19.43.17.jpeg 1024w\" sizes=\"auto, (max-width: 200px) 100vw, 200px\" \/><\/div><a class=\"wp-block-latest-posts__post-title\" href=\"https:\/\/www.ff-mariaschmolln.at\/web\/uebung-16-02-2023\/\">\u00dcbung 16.02.2023<\/a><time datetime=\"2023-02-17T00:16:00+01:00\" class=\"wp-block-latest-posts__post-date\">17. Februar 2023<\/time><div class=\"wp-block-latest-posts__post-excerpt\">Bei der 40+, 50+, 60+ \u00dcbung am 16. Februar wurde der Einsatzfall&#8230;<\/div><\/li>\n<li><div class=\"wp-block-latest-posts__featured-image\"><img loading=\"lazy\" decoding=\"async\" width=\"150\" height=\"200\" src=\"https:\/\/www.ff-mariaschmolln.at\/web\/wp-content\/uploads\/2023\/04\/WhatsApp-Image-2023-04-17-at-19.41.40-225x300.jpeg\" class=\"attachment-medium size-medium wp-post-image\" alt=\"\" style=\"\" srcset=\"https:\/\/www.ff-mariaschmolln.at\/web\/wp-content\/uploads\/2023\/04\/WhatsApp-Image-2023-04-17-at-19.41.40-225x300.jpeg 225w, https:\/\/www.ff-mariaschmolln.at\/web\/wp-content\/uploads\/2023\/04\/WhatsApp-Image-2023-04-17-at-19.41.40-768x1024.jpeg 768w, https:\/\/www.ff-mariaschmolln.at\/web\/wp-content\/uploads\/2023\/04\/WhatsApp-Image-2023-04-17-at-19.41.40-1152x1536.jpeg 1152w, https:\/\/www.ff-mariaschmolln.at\/web\/wp-content\/uploads\/2023\/04\/WhatsApp-Image-2023-04-17-at-19.41.40.jpeg 1200w\" sizes=\"auto, (max-width: 150px) 100vw, 150px\" \/><\/div><a class=\"wp-block-latest-posts__post-title\" href=\"https:\/\/www.ff-mariaschmolln.at\/web\/uebung-02-02-2023\/\">\u00dcbung 02.02.2023<\/a><time datetime=\"2023-02-03T00:18:00+01:00\" class=\"wp-block-latest-posts__post-date\">3. Februar 2023<\/time><div class=\"wp-block-latest-posts__post-excerpt\">Die T\u00fcr- und Fenster\u00f6ffnung bei Ein- und Mehrfamilienh\u00e4usern&#8230;<\/div><\/li>\n<li><a class=\"wp-block-latest-posts__post-title\" href=\"https:\/\/www.ff-mariaschmolln.at\/web\/uebung-12-01-2023\/\">\u00dcbung 12.01.2023<\/a><time datetime=\"2023-01-13T00:19:00+01:00\" class=\"wp-block-latest-posts__post-date\">13. Januar 2023<\/time><div class=\"wp-block-latest-posts__post-excerpt\">Am 12. J\u00e4nner fand eine \u00dcbung zum Thema Feuerwehr-Medizinischer&#8230;<\/div><\/li>\n<\/ul>\n\n\n<ul class=\"wp-block-list\">\n<li><a href=\"https:\/\/www.ff-mariaschmolln.at\/web\/uebungen\/uebungen-2026\/\" data-type=\"link\" data-id=\"https:\/\/www.ff-mariaschmolln.at\/web\/uebungen\/uebungen-2026\/\">\u00dcbungen 2026<\/a><\/li>\n\n\n\n<li><a href=\"https:\/\/www.ff-mariaschmolln.at\/web\/uebungen\/uebungen-2025\/\" data-type=\"link\" data-id=\"https:\/\/www.ff-mariaschmolln.at\/web\/news\/uebungen-2025\/\">\u00dcbungen 2025<\/a><\/li>\n\n\n\n<li><a href=\"https:\/\/www.ff-mariaschmolln.at\/web\/uebungen\/uebungen-2024\/\">\u00dcbungen 2024<\/a><\/li>\n\n\n\n<li><a href=\"https:\/\/www.ff-mariaschmolln.at\/web\/uebungen\/uebungen-2023\/\">\u00dcbungen 2023<\/a><\/li>\n\n\n\n<li><a href=\"https:\/\/www.ff-mariaschmolln.at\/web\/uebungen\/uebungen-2022\/\">\u00dcbungen 2022<\/a><\/li>\n\n\n\n<li><a href=\"https:\/\/www.ff-mariaschmolln.at\/web\/uebungen\/uebungen-2021\/\">\u00dcbungen 2021<\/a><\/li>\n\n\n\n<li><a href=\"https:\/\/www.ff-mariaschmolln.at\/web\/uebungen\/uebungen-2020\/\">\u00dcbungen 2020<\/a><\/li>\n\n\n\n<li><a href=\"https:\/\/www.ff-mariaschmolln.at\/web\/uebungen\/uebungen-2019\/\">\u00dcbungen 2019<\/a><\/li>\n<\/ul>\n","protected":false},"excerpt":{"rendered":"","protected":false},"author":1,"featured_media":0,"parent":171,"menu_order":0,"comment_status":"closed","ping_status":"closed","template":"","meta":{"footnotes":""},"class_list":["post-2080","page","type-page","status-publish","hentry","comments-off"],"_links":{"self":[{"href":"https:\/\/www.ff-mariaschmolln.at\/web\/wp-json\/wp\/v2\/pages\/2080","targetHints":{"allow":["GET"]}}],"collection":[{"href":"https:\/\/www.ff-mariaschmolln.at\/web\/wp-json\/wp\/v2\/pages"}],"about":[{"href":"https:\/\/www.ff-mariaschmolln.at\/web\/wp-json\/wp\/v2\/types\/page"}],"author":[{"embeddable":true,"href":"https:\/\/www.ff-mariaschmolln.at\/web\/wp-json\/wp\/v2\/users\/1"}],"replies":[{"embeddable":true,"href":"https:\/\/www.ff-mariaschmolln.at\/web\/wp-json\/wp\/v2\/comments?post=2080"}],"version-history":[{"count":9,"href":"https:\/\/www.ff-mariaschmolln.at\/web\/wp-json\/wp\/v2\/pages\/2080\/revisions"}],"predecessor-version":[{"id":4132,"href":"https:\/\/www.ff-mariaschmolln.at\/web\/wp-json\/wp\/v2\/pages\/2080\/revisions\/4132"}],"up":[{"embeddable":true,"href":"https:\/\/www.ff-mariaschmolln.at\/web\/wp-json\/wp\/v2\/pages\/171"}],"wp:attachment":[{"href":"https:\/\/www.ff-mariaschmolln.at\/web\/wp-json\/wp\/v2\/media?parent=2080"}],"curies":[{"name":"wp","href":"https:\/\/api.w.org\/{rel}","templated":true}]}}